 Let k be (-2 + (-4)/(-2))*(-4)/8. Is x(k) a composite number?
False
Let t(o) = -o**3 - 15*o**2 + 39*o**2 - 14 - 20*o - 10*o**2. Is t(9) prime?
True
Let d(f) = 2*f**2 + f - 2. Let t = -12 + 14. Suppose -4*j + t*c + 26 = -0*c, -c = -4*j + 21. Is d(j) a composite number?
True
Suppose -18*j - 2*j + 231740 = 0. Is j composite?
False
Let a(n) = -33*n - 13. Let k(x) = -x + 16. Let w be k(14). Let h(g) = -4*g**2 + 2*g + 2. Let l be h(w). Is a(l) a prime number?
True
Let x = -2940 + 6137. Is x prime?
False
Suppose -2*l + 3*l = 23. Let t = 64 + l. Is t a prime number?
False
Suppose 46 = h + 5*x, -2*x = -6*h + 5*h + 25. Is h*(-3 - (-8)/2) a prime number?
True
Let s be 2/(-4)*(-5 - 7). Let i = 8 - s. Suppose 0 = 5*v + o - 397, 3*o - 2*o + 156 = i*v. Is v a prime number?
True
Suppose 11*v - 42021 - 19568 = 0. Is v prime?
False
Let a(h) = -103*h - 48. Let i(q) = q**2 + 9*q + 11. Let b be i(-6). Is a(b) composite?
False
Let p(b) = 18*b**2 - 6*b - 1. Let k(v) = -v**2 + 9*v + 5. Let r be k(10). Is p(r) prime?
True
Suppose 0 = 2*k - 10*a + 7*a - 18049, a + 9026 = k. Is k a prime number?
True
Let z = 3967 + -1794. Is z a composite number?
True
Is 4119 - ((-3)/5)/(15/(-50)) a composite number?
True
Let v be (-9)/15 - (-132)/20. Let h(t) = 2*t**3 + 2*t**2 - 21*t + 1. Is h(v) composite?
False
Let i = -282 - -2225. Is i prime?
False
Suppose 3*w - 1211 = 2*k + 2*k, -3*k = -5*w + 2022. Let b = -283 + w. Is b composite?
True
Let g = -40695 - -59966. Is g prime?
False
Suppose 3*k - 319 + 2713 = 0. Let f = 1244 + k. Is f a prime number?
False
Suppose 0*f + 2*f = -4*c - 8, -5 = -5*c + 5*f. Let p(i) = 3*i**2 + i. Let g be p(c). Is g/4*(6 - -86) a composite number?
True
Let j be -3 - (2 + 1 - 6). Suppose -4 = -4*k + 2*k - 2*i, -k - 3*i + 2 = j. Suppose -2 = k*h, 2*b = -3*b + 3*h + 593. Is b composite?
True
Suppose r + 0 = -2*z - 2, -3*z - 13 = 4*r. Is (5/10)/(z + (-134)/136) prime?
False
Let x(c) = 2*c**3 - 23*c**2 + 19*c - 3. Let u(q) = q**3 - 11*q**2 + 9*q - 1. Let m(j) = -5*u(j) + 2*x(j). Let g be m(5). Let l = g - 15. Is l prime?
False
Suppose -48*b = -45*b - 97503. Is b composite?
True
Let s = 45 - 43. Suppose 2*o = -5*n + 2249, 2*n - 6*n + 2246 = s*o. Is o prime?
True
Is 10/(944/(-3353) + (-12)/(-42)) prime?
False
Let y = -9 + 14. Suppose -y*o = -2*o. Is 172/(o - 4)*-1 a prime number?
True
Let v be 3/2 + 1/2. Let j be (0 - 2) + 2 + v. Suppose 2*m + j*b - 5*b - 29 = 0, -m + 15 = -2*b. Is m composite?
False
Let y(o) be the second derivative of -o**5/20 + 7*o**4/12 + o**3/6 - 2*o**2 + 8*o. Let g be y(7). Suppose 0 = -2*d - g*d + 1295. Is d prime?
False
Let v(g) = -g**3 + 15*g**2 - 15*g + 17. Let c be v(14). Suppose 0 = c*b + 2*i - 232, i = -2*b - 55 + 209. Suppose -2*y - 2*y = -b. Is y composite?
False
Let w(d) = -2*d**3 - 9*d**2 - 4*d - 1. Let o be w(-7). Suppose -4 = 3*r - 1. Is (-2 - (r - 0)) + o composite?
False
Let v(c) = 258*c**3 - 4*c**2 - 3*c - 4. Let q(b) = -b**2 - b - 1. Let z(i) = -4*q(i) + v(i). Let w be z(1). Suppose 537 = 4*n - w. Is n composite?
False
Let l = 11 + -13. Let n be 309/(l*(-5)/10). Let t = 574 - n. Is t a composite number?
True
Suppose w - 14299 + 5254 = 0. Suppose 0 = -2*t - 3*h + 2821, -2*h + 3411 = -4*t + w. Is t prime?
True
Suppose -104*d + 921037 = 61685. Is d a composite number?
False
Let r = 8 + -14. Let z be 3/(r/(-2))*-9. Let j = 28 - z. Is j a composite number?
False
Suppose -h = h + 2*r - 44686, 0 = -2*h - r + 44686. Is h composite?
False
Suppose 0 = 13*a - 27730 - 52831. Is a a prime number?
True
Is (6654/4)/((-7)/(56/(-12))) prime?
True
Let f(l) be the first derivative of 20*l**2 + 7*l - 6. Let i(c) = -c**2 - 5*c + 7. Let x be i(-5). Is f(x) a prime number?
False
Suppose 20 = -2*g + 6*r - r, 3*r = -g + 12. Suppose 2*l + g*l + 4*y = 52, -92 = -4*l - 2*y. Let q = 135 + l. Is q composite?
False
Let j(l) be the third derivative of -l**6/120 - l**5/120 + l**4/3 + 6*l**2. Let q(d) be the second derivative of j(d). Is q(-2) a composite number?
False
Suppose 6*o = 3*g + o - 65, 52 = 4*g + 2*o. Is (-10304)/(-35) + 9/g composite?
True
Let w = 124 - 119. Let v(g) = 17*g**3 - 18*g**2 - 12*g + 10. Let c(u) = -6*u**3 + 6*u**2 + 4*u - 3. Let k(r) = 8*c(r) + 3*v(r). Is k(w) a prime number?
True
Suppose -9*v + 10 = -4*v. Suppose 2*c + 5*i - 2314 = -0*c, -2*i - 8 = 0. Suppose 1 = r, -4*m = v*r + r - c. Is m a prime number?
False
Let x(v) = v**3 - 2*v + 1. Let o be x(-2). Is 3/(172/(-58) - o) prime?
False
Let f = 155 - -7. Suppose 5*h - f = -d - 2*d, -4*h = 3*d - 129. Is h a composite number?
True
Let z(n) = -n - 3*n - 5*n - 19 - 3*n. Is z(-9) composite?
False
Let w(s) = 261*s**2 + 35*s + 107. Is w(-5) a prime number?
False
Let o(j) = 2*j + 20. Let g be o(-10). Suppose -2*v - 2*x = -1092, -1643 = -3*v - g*v - 2*x. Is v a prime number?
False
Let z be (1/3)/((-2)/(-18)). Suppose 420 = -2*s + 3*y, -5*s - 1004 = -z*y + 7*y. Let t = 301 + s. Is t composite?
False
Suppose -y + 5*d = -37, 0 = y + 3*d - 0*d + 3. Let o be (4/y)/(2/2388). Suppose o = 2*t + l, -2*t + l + 111 = -287. Is t prime?
True
Suppose 3*y = -2*t - 129 + 29, 5*t + 170 = -5*y. Let f = 357 - y. Is f prime?
True
Let l = -11 - -13. Let i be (-4 + 6)/(l*-1). Is (-1 + i)*254/(-4) a composite number?
False
Is (11 - 2) + -12 - (-2 - 816) prime?
False
Let n(h) = 2*h**2 - 14*h - 31. Let i be n(15). Suppose 2*a - 4303 + i = 0. Is a a prime number?
False
Let l be 25/5 + 4/(-4). Suppose -8607 = -l*k - 3*f - 1684, -5*k = 5*f - 8650. Is k prime?
True
Let c(s) = s**2 - s. Let z(q) = 4*q**2 + 16*q - 14. Let p(h) = 3*h**2 + 15*h - 13. Let j(d) = 5*p(d) - 4*z(d). Let g(x) = 6*c(x) + j(x). Is g(6) composite?
True
Suppose -5*w - 4*l = -41703 - 31578, 3*w - 43973 = 2*l. Is w composite?
False
Suppose -4 = 2*h - 10. Suppose 2*v + 2*i = 54, h*i + 147 = 5*v + 4*i. Suppose k + v = 161. Is k a prime number?
True
Suppose 4*g + 4*g - g = 0. Suppose g = 27*i - 28*i + 1255. Is i a prime number?
False
Suppose -3*y - 19235 = -2*s, s = 5*y - y + 9625. Is s prime?
True
Let f(w) = 3*w**2 + 3*w - 3. Let x be f(2). Suppose 779 = 2*p - x. Is p prime?
True
Let y = 22 - 17. Is 3/15 - (-1254)/y a prime number?
True
Suppose 0 = 1259*u - 1261*u + 3074. Is u a composite number?
True
Suppose -u + 4*g + 4401 = 0, 4*u + 4*g + 3478 = 21122. Is u composite?
False
Let z(a) = -a**2 - 11*a + 11. Let g be z(-12). Suppose -5 - 3 = -4*x. Is (0 - g)/(x/30) prime?
False
Let v = 14488 + -8271. Is v a prime number?
True
Let q(g) = 11*g**2 - 4*g - 5. Suppose 2*n + 4 = 6*n. Suppose 4*l + n = 17. Is q(l) prime?
False
Let h(o) = o**2 - 15*o + 18. Let y be h(13). Let l be (-9)/(-2)*y/12. Is (5/l)/(1/(-291)) prime?
False
Suppose 1916 = 4*t + 4*a, -2*a = -5*t + 1891 + 504. Is t composite?
False
Suppose p - 4*j - 24 = 0, -5*j + 16 = -5*p + 61. Is (p/6)/(4/2814) a composite number?
True
Let g(w) = -w - 1. Let p be g(8). Is (9/(-3))/(p/(-282)*-2) a composite number?
False
Let g(b) = b**3 - 13*b**2 + 5*b - 10. Let y(d) = -d**3 + 14*d**2 - 4*d + 10. Let o(m) = 4*g(m) + 5*y(m). Let u = 27 + -10. Is o(u) prime?
False
Let a(z) = -128*z - 1. Let o be ((-3)/6)/(1/2). Is a(o) composite?
False
Suppose 105*r + 51163 = 112*r. Is r composite?
False
Let z be (-1)/(((-6)/(-2))/69). Suppose -243 = -3*u + l, 8*u - 313 = 4*u + 5*l. Let o = z + u. Is o a prime number?
True
Let i(h) = 286*h. Let b be i(1). Let k(l) = l**3 + 12*l**2 + 13*l - 1. Let a be k(-9). Let w = b - a. Is w prime?
False
Let i = 60 + -60. Let y = -3916 - -6039. Suppose 2*x - y - 395 = i. Is x a prime number?
True
Let i = -2082 + 4818. Let d = -1453 + i. Is d prime?
True
Suppose -5*d + 9*d = 0. Let v(c) = -c**3 - c + 24. Let g be v(d). Is 1256/g + (-2)/(-3) prime?
True
Let p(m) = -11*m - 294. Is p(-67) a composite number?
False
Is 0 - (-39669)/(18/6) prime?
False
Let w(t) = -9*t + 66. Let x be w(7). Is (x + 2)*(225 - 2) prime?
False
Let h = 20148 - 14055. Suppose 0 = 9*m - 0*m - h. Is m composite?
False
Suppose -2*c + 4*n = 434, 0 = -2*n - 11 + 1. Let f = c + 978. Is f a prime number?
True
Is 50830/8 - (-162)/(-216) a composite number?
False
Suppose -5*o - 3*r = -157720, 8*r + 126144 = 4*o + 4*r. Is o prime?
True
Let c(u) = 27*u**2 + 20*u + 35. Is c(-6) composite?
False
Let k be 5/(-15) - 428/(-6). Let w = k + -11. Suppose 160 = 4*n - w. Is n prime?
False
Let s(q) = -q - 5. Let f be s(-5). Let y be 59